p = -36866. What are the prime factors of n?
5, 11, 67
Let r be 8/(-8 - -4) + 1 + 12. Suppose 5*a - r*a + 30 = 0. Let s = a - -45. What are the prime factors of s?
2, 5
Suppose -16*m - 3029 + 11599 = -11878. What are the prime factors of m?
2, 3, 71
Suppose -4*y - 4*p + 11640 = 0, -2*y + 4589 + 1251 = -2*p. Suppose y = -s + 6*s. Suppose 8*z - s = 169. What are the prime factors of z?
2, 47
List the prime factors of ((-1932)/18)/(-23) + 2/6 + 47167.
2, 3, 3931
List the prime factors of (-4 - 3629365/(-45)) + (-300)/(-675).
3, 29, 103
List the prime factors of (41 - 44)*36267/(-3).
3, 7, 11, 157
Suppose i + 104856 = 4*m, -m - 5*i = -5*m + 104840. What are the prime factors of m/28 - (-2)/(-8)?
2, 3, 13
Let u be -1 - (-4 - 5)/3. Let v(r) = 14 + 2*r**u - 18*r + r**2 - 4*r**2 + 9. What are the prime factors of v(-16)?
5, 11
Let g = 81 - 88. Let a be (((-1)/3)/(g/42))/1. Suppose -a*f - 892 = -6*f - 5*t, 0 = 5*f + 4*t - 1124. What are the prime factors of f?
2, 3, 19
Let m(p) = 6*p**2 - 11*p + 15. Let q(x) = x**2 - 7*x. Let g be q(8). What are the prime factors of m(g)?
311
Suppose 3*h = -4*i + 15435 + 1995, 11627 = 2*h + 5*i. List the prime factors of h.
2, 2903
Let k = -688 - -703. Let p(h) = 4*h**2 - 2*h - 250. List the prime factors of p(k).
2, 5, 31
Suppose 3*j + 6 = 2*r + 27, -j = -5*r - 20. Let v(f) = -7*f + 1. Let d be v(4). Let z = j - d. What are the prime factors of z?
2
Suppose 3*x - 3*m - 93810 = 0, -33*m = -4*x - 28*m + 125077. List the prime factors of x.
11, 2843
Let i(q) = 15*q + 266. Let s be i(-17). Suppose g + s*g = 21708. List the prime factors of g.
3, 67
Let v be ((-5)/(30/(-9)))/(-3)*0. Suppose 0 = 6*s - v*s - 10566. What are the prime factors of s?
3, 587
Suppose -25*b + 27*b - 66005 = -3*c, -99011 = -3*b - c. What are the prime factors of b?
2, 37, 223
Let f(v) = -1146*v - 1626. What are the prime factors of f(-37)?
2, 3, 1699
Let s(n) = 5*n - 5 - 2*n - n**2 + 0*n + 10. Let c be s(3). Suppose 5*v - 4*k + 56 - 271 = 0, -v = c*k - 14. What are the prime factors of v?
3, 13
Suppose -49*j = 118517 - 586467. List the prime factors of j.
2, 5, 191
Suppose -4*o + 120021 + 5406 = -76685. List the prime factors of o.
2, 1579
Let h be 109160/36 - (-4)/(-18). Suppose -3*v + 11*v = h. Suppose 0 = 3*p - 0*b + 2*b - 285, -4*p + v = 3*b. What are the prime factors of p?
97
Let m(j) = -2*j**2 - 8*j + 13. Let w be m(-5). Suppose -3*g + 1176 = a + w*a, -2*a = -2*g - 574. What are the prime factors of a?
3, 97
Suppose -6 = -0*d - 2*d. Suppose -2*n - d = -3*n. Suppose -2*j = n*j - 80. What are the prime factors of j?
2
List the prime factors of (3/9 - (-422540)/102) + (-46)/(-391).
3, 1381
Let i = 57 + -57. Suppose 2*w + 10 = 0, 3*p - 4*w - 1563 + 571 = i. List the prime factors of p.
2, 3
Let p = 1237 + 569. What are the prime factors of p?
2, 3, 7, 43
Let y be (-3 - 105)*(-36 + 35). Let a(w) = 3*w**2 + 4*w - 6. Let r be a(-7). Suppose y*g + 400 = r*g. What are the prime factors of g?
2, 5
Let i = 21 + -11. Let d(f) = 4*f - 7*f - 9 - i + f**2. List the prime factors of d(7).
3
Suppose 0 = -8*r + r + 588. Suppose -2*d + 295 - r = -y, -d + 95 = -4*y. List the prime factors of d.
107
Let s = 93 - 88. Suppose 5*t - 1346 = -3*p, -s*t - 8*p + 1330 = -13*p. List the prime factors of t.
2, 67
Let d be (-1)/((-4)/656) + -1. Let f be 20/(-30) + (-16)/(-6). Suppose 0 = 2*m - 6*r + r - d, -f*m + 3*r + 165 = 0. What are the prime factors of m?
2, 3, 7
Let d = 14640 + -1530. What are the prime factors of d?
2, 3, 5, 19, 23
Let x(a) = 4*a**3 - 9*a**2 + 3*a + 3. Let m be x(2). Suppose -m*i - 5*s = -i - 1647, -2*i - 5*s = -821. List the prime factors of i.
7, 59
Let n(d) be the second derivative of 19*d**4/2 + 5*d**3/6 - 5*d**2/2 + 2*d. Let k be n(1). Let w = k - -46. What are the prime factors of w?
2, 5
Let t(z) = 13*z**2 + 6*z + 11. Let b be t(-2). Suppose 0 = 43*k - 42*k - b. What are the prime factors of k?
3, 17
Suppose 3315331 = -163*q + 5148133 + 6235698. List the prime factors of q.
2, 3, 5, 11
Let q = -476 + 478. What are the prime factors of 183/q*(2 - -10) - -4?
2, 19, 29
Let r(w) = w**2 - 16*w - 157. Let v be r(-7). Suppose v*l - 166 - 1714 = 0. List the prime factors of l.
2, 5, 47
Let c(s) = 270*s**2 + s - 1. Let q = -125 - -252. Let p = -126 + q. What are the prime factors of c(p)?
2, 3, 5
Let z(d) = -415*d + 4057. List the prime factors of z(-13).
2, 17, 139
Let l(j) = 14*j + 72. Let t be l(-5). Suppose 1400 = 5*s + 3*i - 0*i, -t*s - 5*i = -541. List the prime factors of s.
283
Let l(h) = 19*h**2 - 31*h + 333. List the prime factors of l(-39).
3, 73, 139
Let a(f) = -3205*f - 1. Suppose j - 6 = 2*k, 5*k + 0*j = j - 15. Let b be a(k). List the prime factors of 4/10 + b/115.
2, 3, 7
Let i(h) = 14589*h + 1405. What are the prime factors of i(3)?
2, 23, 491
Suppose 3*q + 54645 = 25*q - 12301. What are the prime factors of q?
17, 179
Let n(w) = -3*w + 19 + 2 - 5*w + 13*w - 4*w. Suppose -4*u + 52 = -0*h - 4*h, 0 = -2*u + 8. What are the prime factors of n(h)?
2, 3
Let y(v) = 5*v**3 + 17*v**2 + 161*v - 1973. List the prime factors of y(13).
2, 29, 241
Suppose -o - 80947 = -5*a, -68*o + 16191 = a - 69*o. List the prime factors of a.
16189
Suppose 4797 + 7129 = s - 7022. What are the prime factors of s?
2, 3, 1579
List the prime factors of (24/(-7))/((-6)/14 + (-43602)/(-101766)).
2, 3, 2423
Let u(l) = -5*l - 6*l + 13*l + 1. Let k be u(-6). Let p = 44 + k. List the prime factors of p.
3, 11
Suppose 5*j + 5 = 0, 2*m = 71*j - 70*j + 40265. List the prime factors of m.
2, 7, 719
Suppose 0 = 38*f + 47584 - 152768. List the prime factors of f.
2, 173
Suppose -3*m + 7*m + 2*a = 111864, -3*a = 2*m - 55928. Suppose -m - 13169 = -24*b. What are the prime factors of b?
2, 857
Suppose -11*a + 100 = 9*a. Suppose -152 = a*x - 592. What are the prime factors of x?
2, 11
Suppose 0 = 3*m - 36 - 0. Let g be (m/(-12))/((-2)/14). Suppose g*x - 135 - 243 = 0. List the prime factors of x.
2, 3
Suppose -5*f = -7*a + 47642, -74*a + 6806 = -73*a + 5*f. What are the prime factors of a?
2, 41, 83
Let f(j) = 10*j**2 + 227*j - 565. List the prime factors of f(54).
40853
What are the prime factors of 239832/60*(3 + 3) + (-1)/5?
29, 827
List the prime factors of 16/160 + -361*556/(-40).
2, 13, 193
Suppose -320 = m + 1037. Let k = 2360 + m. List the prime factors of k.
17, 59
Suppose -4*t - 4*k + 5744 = 0, -9*t = -99*k + 100*k - 12876. What are the prime factors of t?
2, 5, 11, 13
Let m(v) = 596*v + 136 - 377*v - 439*v. List the prime factors of m(-5).
2, 3, 103
Suppose -3*f = f - 4*x - 20, 3*f + 3*x - 9 = 0. Suppose -f*k = -5*k + 74. What are the prime factors of k?
2, 37
Suppose f - 11230 = 3*y, 2*f + 14*y = 18*y + 22450. What are the prime factors of f?
5, 2243
Suppose 4*o + r + 857 = 0, 2*o - 2*r = -3*r - 429. List the prime factors of (o/(-2))/((-3)/(-15)).
5, 107
Let c(d) = -d**3 + 95*d**2 - 402*d - 143. What are the prime factors of c(88)?
11, 1699
Let w = 39441 + -23495. What are the prime factors of w?
2, 7, 17, 67
Let b(u) = u**3 + 10*u**2 - 17*u - 18. Let r be b(-11). Suppose -46*h = -r*h + 28. Suppose 3*f - h = 25. List the prime factors of f.
13
Let z(m) = -m**3 - 38*m**2 - 5*m - 169. Let w be z(-38). Let s(f) = f**3 - 20*f**2 + 16*f + 3. What are the prime factors of s(w)?
2, 3, 5, 13
Suppose 812 = 4*m - 1420. Let l = m + -276. What are the prime factors of l?
2, 3, 47
List the prime factors of 273632/24*72/96.
17, 503
Suppose 311972 = -12799*h + 12803*h. What are the prime factors of h?
23, 3391
Let m = -106 - -106. Suppose -2*s - 3*j + 460 = m, j = s - 0*s - 235. List the prime factors of s.
233
Suppose 0 = -41*l + 85641 + 141632 + 399084. List the prime factors of l.
15277
Suppose 0 = -5*u - d + 1979 + 27567, -5922 = -u + 3*d. List the prime factors of u.
2, 3, 5, 197
Suppose 391 = 2*v + 45. Let l = v - 51. Let g = 216 - l. What are the prime factors of g?
2, 47
Let p(m) = -11*m + 338. Let a be (-5 + 2 - -11) + -8. List the prime factors of p(a).
2, 13
Suppose -15*i + 16*i + 5*s - 6573 = 0, 0 = 3*s - 3. List the prime factors of i.
2, 821
Let p(s) be the first derivative of 3*s**4/4 - s**3/3 + s**2/2 - 5*s + 64. Let n be (-32)/(-24) + (-5)/(-3). List the prime factors of p(n).
2, 5, 7
Suppose -162*f + 99*f + 447489 = 0. What are the prime factors of f?
7103
Let 